{"id":148,"date":"2024-02-22T10:06:20","date_gmt":"2024-02-22T10:06:20","guid":{"rendered":"https:\/\/xn--pikesepargihooldus-ltb.ee\/?page_id=148"},"modified":"2024-09-23T22:33:44","modified_gmt":"2024-09-23T22:33:44","slug":"firmast","status":"publish","type":"page","link":"https:\/\/xn--pikesepargihooldus-ltb.ee\/?page_id=148","title":{"rendered":"Firmast"},"content":{"rendered":"\r\n<p class=\"has-medium-font-size\">\u00a0<\/p>\r\n\r\n\r\n\r\n<h4 class=\"has-text-align-center has-medium-font-size\" style=\"text-align: left;\"><mark class=\"has-inline-color has-luminous-vivid-amber-color\" style=\"background-color: rgba(0, 0, 0, 0);\"><strong>P\u00e4ikese<\/strong><\/mark><mark class=\"has-inline-color has-cyan-bluish-gray-color\" style=\"background-color: rgba(0, 0, 0, 0);\"><strong>pargihooldus.ee<\/strong><\/mark> peamiseks eesm\u00e4rgiks on pakkuda oma klientidele t\u00e4islahendust p\u00e4ikeseparkide hooldamisel ja vajadusel ka t\u00e4iustamisel.<\/h4>\r\n<h4 class=\"has-text-align-center has-medium-font-size\" style=\"text-align: left;\">Meie teenuste hulka kuuluvad n\u00e4iteks niitmine, lumekoristamine, paneelide pesemine, tehniliste s\u00f5lmede kontroll ja remont, valves\u00fcsteemide paigaldamine, piirete ehitamine jne. Tihti on p\u00e4ikesepargid ehitatud piirkondadesse kus pargi omanik\/haldaja ei asu samas piirkonnas, seet\u00f5ttu pakume ka teenust mis h\u00f5lmab aegajalt\u00a0kohapeal k\u00e4imist, olukorra hindamist ja vajadusel ka meetmete rakendamist.<\/h4>\r\n<h4 class=\"has-text-align-center has-medium-font-size\" style=\"text-align: left;\">Kuna p\u00e4ikeseparke on erinevate suuruste ja asukohtadega siis l\u00e4htume oma tegevuses konkreetsest pargist ja koostame meie arvates k\u00f5ige sobilikuma hoolduskava antud pargile, mille kohta v\u00e4ljastame ka hoolduspassi milles on kajastatud k\u00f5ik tehtud t\u00f6\u00f6d ja t\u00e4helepanekud tulevasteks t\u00f6\u00f6deks.\u00a0<\/h4>\r\n<p>&nbsp;<\/p>\r\n<p><img loading=\"lazy\" decoding=\"async\" class=\"wp-image-252  aligncenter\" src=\"https:\/\/xn--pikesepargihooldus-ltb.ee\/wp-content\/uploads\/2024\/09\/IMG_0736-300x225.jpg\" alt=\"\" width=\"442\" height=\"332\" srcset=\"https:\/\/xn--pikesepargihooldus-ltb.ee\/wp-content\/uploads\/2024\/09\/IMG_0736-300x225.jpg 300w, https:\/\/xn--pikesepargihooldus-ltb.ee\/wp-content\/uploads\/2024\/09\/IMG_0736-1024x768.jpg 1024w, https:\/\/xn--pikesepargihooldus-ltb.ee\/wp-content\/uploads\/2024\/09\/IMG_0736-768x576.jpg 768w, https:\/\/xn--pikesepargihooldus-ltb.ee\/wp-content\/uploads\/2024\/09\/IMG_0736-1536x1152.jpg 1536w, https:\/\/xn--pikesepargihooldus-ltb.ee\/wp-content\/uploads\/2024\/09\/IMG_0736-2048x1536.jpg 2048w, https:\/\/xn--pikesepargihooldus-ltb.ee\/wp-content\/uploads\/2024\/09\/IMG_0736-1440x1080.jpg 1440w\" sizes=\"auto, (max-width: 442px) 100vw, 442px\" \/><\/p>\r\n","protected":false},"excerpt":{"rendered":"<p>\u00a0 P\u00e4ikesepargihooldus.ee peamiseks eesm\u00e4rgiks on pakkuda oma klientidele t\u00e4islahendust p\u00e4ikeseparkide hooldamisel ja vajadusel ka t\u00e4iustamisel. Meie teenuste hulka kuuluvad n\u00e4iteks niitmine, lumekoristamine, paneelide pesemine, tehniliste s\u00f5lmede kontroll ja remont, valves\u00fcsteemide paigaldamine, piirete ehitamine jne. Tihti on p\u00e4ikesepargid ehitatud piirkondadesse kus pargi omanik\/haldaja ei asu samas piirkonnas, seet\u00f5ttu pakume ka teenust mis h\u00f5lmab aegajalt\u00a0kohapeal k\u00e4imist, olukorra&hellip; <br \/> <a class=\"button small blue\" href=\"https:\/\/xn--pikesepargihooldus-ltb.ee\/?page_id=148\">Read more<\/a><\/p>\n","protected":false},"author":1,"featured_media":0,"parent":0,"menu_order":0,"comment_status":"closed","ping_status":"closed","template":"","meta":{"footnotes":""},"class_list":["post-148","page","type-page","status-publish","hentry"],"_links":{"self":[{"href":"https:\/\/xn--pikesepargihooldus-ltb.ee\/index.php?rest_route=\/wp\/v2\/pages\/148","targetHints":{"allow":["GET"]}}],"collection":[{"href":"https:\/\/xn--pikesepargihooldus-ltb.ee\/index.php?rest_route=\/wp\/v2\/pages"}],"about":[{"href":"https:\/\/xn--pikesepargihooldus-ltb.ee\/index.php?rest_route=\/wp\/v2\/types\/page"}],"author":[{"embeddable":true,"href":"https:\/\/xn--pikesepargihooldus-ltb.ee\/index.php?rest_route=\/wp\/v2\/users\/1"}],"replies":[{"embeddable":true,"href":"https:\/\/xn--pikesepargihooldus-ltb.ee\/index.php?rest_route=%2Fwp%2Fv2%2Fcomments&post=148"}],"version-history":[{"count":18,"href":"https:\/\/xn--pikesepargihooldus-ltb.ee\/index.php?rest_route=\/wp\/v2\/pages\/148\/revisions"}],"predecessor-version":[{"id":253,"href":"https:\/\/xn--pikesepargihooldus-ltb.ee\/index.php?rest_route=\/wp\/v2\/pages\/148\/revisions\/253"}],"wp:attachment":[{"href":"https:\/\/xn--pikesepargihooldus-ltb.ee\/index.php?rest_route=%2Fwp%2Fv2%2Fmedia&parent=148"}],"curies":[{"name":"wp","href":"https:\/\/api.w.org\/{rel}","templated":true}]}}