{"id":66,"date":"2023-10-19T08:43:09","date_gmt":"2023-10-19T08:43:09","guid":{"rendered":"https:\/\/xn--pikesepargihooldus-ltb.ee\/?page_id=66"},"modified":"2024-02-22T11:45:54","modified_gmt":"2024-02-22T11:45:54","slug":"kontakt","status":"publish","type":"page","link":"https:\/\/xn--pikesepargihooldus-ltb.ee\/?page_id=66","title":{"rendered":"Kontakt"},"content":{"rendered":"\r\n\r\n\r\n\r\n\r\n<p>&nbsp;<\/p>\r\n<h4 style=\"text-align: center;\"><strong>Soovime pakkuda oma klientidele personaalset l\u00e4henemist, viisakat suhtlust ning loodame luua usaldusv\u00e4\u00e4rse ja kauakestva kliendisuhte.<\/strong><\/h4>\r\n\r\n\r\n<hr class=\"wp-block-separator has-alpha-channel-opacity\" \/>\r\n\r\n\r\n<h3 class=\"wp-block-heading\">Telefon: +372 53 555 995<\/h3>\r\n\r\n\r\n\r\n<h3 class=\"wp-block-heading\">Meiliaadress: <a href=\"mailto:suninvesteering@gmail.com\">suninvesteering@gmail.com<\/a><\/h3>\r\n\r\n\r\n\r\n<h3 class=\"wp-block-heading\">Ettev\u00f5te: Viru investeeringud O\u00dc<\/h3>\r\n\r\n\r\n<hr class=\"wp-block-separator has-alpha-channel-opacity\" \/>\r\n<p style=\"text-align: center;\"><strong>\n<div class=\"wpcf7 no-js\" id=\"wpcf7-f8-o1\" lang=\"en\" dir=\"ltr\" data-wpcf7-id=\"8\">\n<div class=\"screen-reader-response\"><p role=\"status\" aria-live=\"polite\" aria-atomic=\"true\"><\/p> <ul><\/ul><\/div>\n<form action=\"\/index.php?rest_route=%2Fwp%2Fv2%2Fpages%2F66#wpcf7-f8-o1\" method=\"post\" class=\"wpcf7-form init\" aria-label=\"Contact form\" novalidate=\"novalidate\" data-status=\"init\">\n<fieldset class=\"hidden-fields-container\"><input type=\"hidden\" name=\"_wpcf7\" value=\"8\" \/><input type=\"hidden\" name=\"_wpcf7_version\" value=\"6.1.5\" \/><input type=\"hidden\" name=\"_wpcf7_locale\" value=\"en\" \/><input type=\"hidden\" name=\"_wpcf7_unit_tag\" value=\"wpcf7-f8-o1\" \/><input type=\"hidden\" name=\"_wpcf7_container_post\" value=\"0\" \/><input type=\"hidden\" name=\"_wpcf7_posted_data_hash\" value=\"\" \/>\n<\/fieldset>\n<p><label> Teie nimi<br \/>\n<span class=\"wpcf7-form-control-wrap\" data-name=\"your-name\"><input size=\"40\" maxlength=\"400\" class=\"wpcf7-form-control wpcf7-text wpcf7-validates-as-required\" autocomplete=\"name\" aria-required=\"true\" aria-invalid=\"false\" value=\"\" type=\"text\" name=\"your-name\" \/><\/span> <\/label>\n<\/p>\n<p><label> Teie meiliaadress<br \/>\n<span class=\"wpcf7-form-control-wrap\" data-name=\"your-email\"><input size=\"40\" maxlength=\"400\" class=\"wpcf7-form-control wpcf7-email wpcf7-validates-as-required wpcf7-text wpcf7-validates-as-email\" autocomplete=\"email\" aria-required=\"true\" aria-invalid=\"false\" value=\"\" type=\"email\" name=\"your-email\" \/><\/span> <\/label>\n<\/p>\n<p><label> Teema<br \/>\n<span class=\"wpcf7-form-control-wrap\" data-name=\"your-message\"><input size=\"40\" maxlength=\"400\" class=\"wpcf7-form-control wpcf7-text\" aria-invalid=\"false\" value=\"\" type=\"text\" name=\"your-message\" \/><\/span> <\/label>\n<\/p>\n<p><label> Teie number<br \/>\n<span class=\"wpcf7-form-control-wrap\" data-name=\"your-subject\"><input size=\"40\" maxlength=\"400\" class=\"wpcf7-form-control wpcf7-text\" aria-invalid=\"false\" value=\"\" type=\"text\" name=\"your-subject\" \/><\/span> <\/label>\n<\/p>\n<p><label> Katastri number<br \/>\n<span class=\"wpcf7-form-control-wrap\" data-name=\"your-subject\"><input size=\"40\" maxlength=\"400\" class=\"wpcf7-form-control wpcf7-text\" aria-invalid=\"false\" value=\"\" type=\"text\" name=\"your-subject\" \/><\/span> <\/label>\n<\/p>\n<p><input class=\"wpcf7-form-control wpcf7-submit has-spinner\" type=\"submit\" value=\"SAADA\" \/>\n<\/p><div class=\"wpcf7-response-output\" aria-hidden=\"true\"><\/div>\n<\/form>\n<\/div>\n<\/strong><\/p>\r\n\r\n<figure><\/figure>\r\n<figure><\/figure>\r\n<figure><\/figure>\r\n<figure class=\"wp-block-image aligncenter size-large is-resized\"><img loading=\"lazy\" decoding=\"async\" width=\"1024\" height=\"252\" class=\"wp-image-92 aligncenter\" style=\"aspect-ratio: 4.063492063492063; width: 435px; height: auto;\" src=\"https:\/\/xn--pikesepargihooldus-ltb.ee\/wp-content\/uploads\/2023\/10\/PPUUS-1024x252.png\" alt=\"\" srcset=\"https:\/\/xn--pikesepargihooldus-ltb.ee\/wp-content\/uploads\/2023\/10\/PPUUS-1024x252.png 1024w, https:\/\/xn--pikesepargihooldus-ltb.ee\/wp-content\/uploads\/2023\/10\/PPUUS-300x74.png 300w, https:\/\/xn--pikesepargihooldus-ltb.ee\/wp-content\/uploads\/2023\/10\/PPUUS-768x189.png 768w, https:\/\/xn--pikesepargihooldus-ltb.ee\/wp-content\/uploads\/2023\/10\/PPUUS-1536x378.png 1536w, https:\/\/xn--pikesepargihooldus-ltb.ee\/wp-content\/uploads\/2023\/10\/PPUUS.png 1665w\" sizes=\"auto, (max-width: 1024px) 100vw, 1024px\" \/><\/figure>\r\n","protected":false},"excerpt":{"rendered":"<p>&nbsp; Soovime pakkuda oma klientidele personaalset l\u00e4henemist, viisakat suhtlust ning loodame luua usaldusv\u00e4\u00e4rse ja kauakestva kliendisuhte. Telefon: +372 53 555 995 Meiliaadress: suninvesteering@gmail.com Ettev\u00f5te: Viru investeeringud O\u00dc<\/p>\n","protected":false},"author":1,"featured_media":0,"parent":0,"menu_order":0,"comment_status":"closed","ping_status":"closed","template":"","meta":{"footnotes":""},"class_list":["post-66","page","type-page","status-publish","hentry"],"_links":{"self":[{"href":"https:\/\/xn--pikesepargihooldus-ltb.ee\/index.php?rest_route=\/wp\/v2\/pages\/66","targetHints":{"allow":["GET"]}}],"collection":[{"href":"https:\/\/xn--pikesepargihooldus-ltb.ee\/index.php?rest_route=\/wp\/v2\/pages"}],"about":[{"href":"https:\/\/xn--pikesepargihooldus-ltb.ee\/index.php?rest_route=\/wp\/v2\/types\/page"}],"author":[{"embeddable":true,"href":"https:\/\/xn--pikesepargihooldus-ltb.ee\/index.php?rest_route=\/wp\/v2\/users\/1"}],"replies":[{"embeddable":true,"href":"https:\/\/xn--pikesepargihooldus-ltb.ee\/index.php?rest_route=%2Fwp%2Fv2%2Fcomments&post=66"}],"version-history":[{"count":21,"href":"https:\/\/xn--pikesepargihooldus-ltb.ee\/index.php?rest_route=\/wp\/v2\/pages\/66\/revisions"}],"predecessor-version":[{"id":223,"href":"https:\/\/xn--pikesepargihooldus-ltb.ee\/index.php?rest_route=\/wp\/v2\/pages\/66\/revisions\/223"}],"wp:attachment":[{"href":"https:\/\/xn--pikesepargihooldus-ltb.ee\/index.php?rest_route=%2Fwp%2Fv2%2Fmedia&parent=66"}],"curies":[{"name":"wp","href":"https:\/\/api.w.org\/{rel}","templated":true}]}}